s divided by 949.
614
Calculate the remainder when 8705235 is divided by 3883.
3432
What is the remainder when 567782 is divided by 519?
515
Calculate the remainder when 864029 is divided by 2550.
2129
What is the remainder when 26659095 is divided by 211?
89
Calculate the remainder when 4024966 is divided by 5324.
22
Calculate the remainder when 7994815 is divided by 190.
185
What is the remainder when 11530 is divided by 490?
260
Calculate the remainder when 142036 is divided by 69947.
2142
Calculate the remainder when 1341053 is divided by 1900.
1553
Calculate the remainder when 26399 is divided by 8453.
1040
Calculate the remainder when 98218 is divided by 13960.
498
Calculate the remainder when 546103 is divided by 7806.
7489
Calculate the remainder when 321219 is divided by 2822.
2333
Calculate the remainder when 54339146 is divided by 564.
2
Calculate the remainder when 15589838 is divided by 40.
38
Calculate the remainder when 136309 is divided by 67836.
637
Calculate the remainder when 3688336 is divided by 5.
1
What is the remainder when 391516 is divided by 130437?
205
What is the remainder when 3423152 is divided by 9302?
16
What is the remainder when 2226039 is divided by 1318?
1255
What is the remainder when 9176824 is divided by 10758?
250
Calculate the remainder when 102463 is divided by 391.
21
What is the remainder when 138476 is divided by 2199?
2138
Calculate the remainder when 139967 is divided by 55.
47
What is the remainder when 47934 is divided by 7973?
96
Calculate the remainder when 404379 is divided by 66936.
2763
What is the remainder when 500890 is divided by 163?
154
Calculate the remainder when 12958313 is divided by 6.
5
What is the remainder when 49578288 is divided by 518?
508
Calculate the remainder when 17512 is divided by 548.
524
What is the remainder when 492322 is divided by 1686?
10
What is the remainder when 1347667 is divided by 4344?
1027
What is the remainder when 2877688 is divided by 202?
198
Calculate the remainder when 5830471 is divided by 1484.
1319
Calculate the remainder when 4607967 is divided by 658280.
7
What is the remainder when 246003 is divided by 408?
387
Calculate the remainder when 5436650 is divided by 42803.
669
What is the remainder when 17770591 is divided by 82?
43
What is the remainder when 44252 is divided by 3155?
82
Calculate the remainder when 11439076 is divided by 4204.
4196
What is the remainder when 55627079 is divided by 11125413?
14
Calculate the remainder when 34065 is divided by 549.
27
Calculate the remainder when 1732051 is divided by 8408.
3
What is the remainder when 13452901 is divided by 328119?
22
What is the remainder when 69593396 is divided by 29?
8
Calculate the remainder when 287318 is divided by 95614.
476
Calculate the remainder when 274510515 is divided by 1307.
1305
What is the remainder when 960454 is divided by 960434?
20
What is the remainder when 2750406 is divided by 1785?
1506
What is the remainder when 434681 is divided by 2?
1
What is the remainder when 27037309 is divided by 52?
13
What is the remainder when 34688389 is divided by 291499?
8
Calculate the remainder when 975471 is divided by 888.
447
What is the remainder when 704105 is divided by 19?
3
What is the remainder when 5523 is divided by 789?
0
What is the remainder when 726428 is divided by 67?
14
What is the remainder when 7028892 is divided by 2342825?
417
What is the remainder when 58588770 is divided by 278?
270
What is the remainder when 102651 is divided by 33734?
1449
What is the remainder when 527759 is divided by 3941?
3606
Calculate the remainder when 869474 is divided by 4701.
4490
What is the remainder when 8284168 is divided by 73?
55
What is the remainder when 75196979 is divided by 45?
44
What is the remainder when 5664829 is divided by 2001?
1999
Calculate the remainder when 387011 is divided by 2011.
899
What is the remainder when 12199155 is divided by 844?
823
What is the remainder when 19690640 is divided by 2834?
8
Calculate the remainder when 112842 is divided by 269.
131
What is the remainder when 17702296 is divided by 8851114?
68
What is the remainder when 7287903 is divided by 736?
31
Calculate the remainder when 458929 is divided by 93.
67
What is the remainder when 6621918 is divided by 2207280?
78
Calculate the remainder when 1804853 is divided by 81.
11
What is the remainder when 12444512 is divided by 826?
822
Calculate the remainder when 17825284 is divided by 242.
48
What is the remainder when 18500477 is divided by 1621?
4
What is the remainder when 464315 is divided by 2171?
1892
Calculate the remainder when 4823 is divided by 2438.
2385
Calculate the remainder when 1104596 is divided by 478.
416
Calculate the remainder when 176973 is divided by 1250.
723
Calculate the remainder when 181431 is divided by 30137.
609
What is the remainder when 2197443 is divided by 87?
84
What is the remainder when 158499 is divided by 20893?
12248
What is the remainder when 699372 is divided by 1451?
1441
Calculate the remainder when 3749260 is divided by 17769.
1
What is the remainder when 1711695 is divided by 24105?
240
What is the remainder when 270820900 is divided by 871?
870
Calculate the remainder when 523881 is divided by 14968.
1
Calculate the remainder when 86316 is divided by 626.
554
What is the remainder when 13539244 is divided by 4513080?
4
Calculate the remainder when 306515 is divided by 10941.
167
What is the remainder when 99750931 is divided by 12468865?
11
What is the remainder when 199961 is divided by 17?
7
What is the remainder when 62996 is divided by 30317?
2362
Calculate the remainder when 47361119 is divided by 42.
29
What is the remainder when 38300129 is divided by 1089?
1088
What is the remainder when 295748 is divided by 18484?
4
Calculate the remainder when 9793233 is divided by 120904.
9
What is the remainder when 16421 is divided by 53?
44
What is the remainder when 258492 is divided by 901?
806
Calculate the remainder when 785681 is divided by 584.
201
Calculate the remainder when 15953 is divided by 1069.
987
What is the remainder when 2287663 is divided by 5345?
3
What is the remainder when 5891674 is divided by 69?
40
What is the remainder when 210522 is divided by 93?
63
Calculate the remainder when 5196766 is divided by 70.
36
What is the remainder when 14755353 is divided by 196738?
3
Calculate the remainder when 77249245 is divided by 371.
367
Calculate the remainder when 5598070 is divided by 597.
1
Calculate the remainder when 141729 is divided by 5447.
107
What is the remainder when 2117932 is divided by 140?
12
Calculate the remainder when 670230301 is divided by 2312.
2309
Calculate the remainder when 6513074 is divided by 61.
43
What is the remainder when 965688 is divided by 202?
128
Calculate the remainder when 247526 is divided by 203.
69
Calculate the remainder when 2221726 is divided by 94.
36
Calculate the remainder when 32000716 is divided by 32000702.
14
Calculate the remainder when 5589344 is divided by 261.
29
What is the remainder when 190934 is divided by 266?
212
Calculate the remainder when 34059460 is divided by 470.
440
What is the remainder when 103210 is divided by 9332?
558
What is the remainder when 37106964 is divided by 203?
188
Calculate the remainder when 2762787 is divided by 2145.
27
What is the remainder when 25668 is divided by 6088?
1316
What is the remainder when 392969960 is divided by 141?
140
What is the remainder when 405457 is divided by 151?
22
What is the remainder when 14748117 is divided by 37?
28
Calculate the remainder when 176041 is divided by 87927.
187
Calculate the remainder when 4848589 is divided by 68.
53
Calculate the remainder when 7659335 is divided by 18.
11
What is the remainder when 91953939 is divided by 10?
9
Calculate the remainder when 2266936 is divided by 14719.
210
Calculate the remainder when 66970 is divided by 1180.
890
What is the remainder when 699832 is divided by 11306?
10166
Calculate the remainder when 6843471 is divided by 882.
33
What is the remainder when 53695410 is divided by 683?
682
What is the remainder when 10695405 is divided by 822722?
19
Calculate the remainder when 32024493 is divided by 154.
39
Calculate the remainder when 151